{"id":618,"date":"2011-12-07T18:11:08","date_gmt":"2011-12-07T17:11:08","guid":{"rendered":"http:\/\/gruen-und-huth.de\/?page_id=618"},"modified":"2017-02-04T11:27:59","modified_gmt":"2017-02-04T10:27:59","slug":"grun-huth-gewinnen-potsdamer-chansonfestival-2010","status":"publish","type":"page","link":"https:\/\/gruen-und-huth.de\/?page_id=618","title":{"rendered":"Sieg beim Potsdamer Chansonfestival 2010"},"content":{"rendered":"<p><a href=\"http:\/\/gruen-und-huth.de\/wordpress\/wp-content\/uploads\/2011\/08\/IMG_3378.jpg\" rel=\"lightbox[618]\"><img loading=\"lazy\" decoding=\"async\" class=\"alignleft\" style=\"margin-left: 0px; margin-right: 20px;\" title=\"1. Platz beim Potsdamer Chansonfestival 2010\" src=\"http:\/\/gruen-und-huth.de\/wordpress\/wp-content\/uploads\/2011\/08\/IMG_3378.jpg\" alt=\"\" width=\"210\" height=\"140\" \/><\/a>Wir haben gewonnen und die Troph\u00e4e ins Rheinland geholt!<br \/>\n1. Preis der gestrengen Jury UND der Publikumspreis gingen an Gr\u00fcn &amp; Huth!<br \/>\nVielen Dank an alle Fans f\u00fcr mutmachende SMS, Mails und Nachrichten auf dem AB.<\/p>\n<p>&#8230; und wirklich nicht zuletzt herzlichen Dank an die Initiatoren Hadi und Juan Carlos f\u00fcr ihre professionelle, respektvolle und warmherzige Betreuung w\u00e4hrend des Festivals.<\/p>\n<p><strong><a title=\"Von der Presse\" href=\"http:\/\/gruen-und-huth.de\/wordpress\/?page_id=56\">Presseberichte findet ihr &#8230; hier<\/a><\/strong><\/p>\n","protected":false},"excerpt":{"rendered":"<p>Wir haben gewonnen und die Troph\u00e4e ins Rheinland geholt! 1. Preis der gestrengen Jury UND der Publikumspreis gingen an Gr\u00fcn &amp; Huth! Vielen Dank an alle Fans f\u00fcr mutmachende SMS, Mails und Nachrichten auf dem AB. &#8230; und wirklich nicht &hellip; <a href=\"https:\/\/gruen-und-huth.de\/?page_id=618\">Weiterlesen <span class=\"meta-nav\">&rarr;<\/span><\/a><\/p>\n","protected":false},"author":1,"featured_media":0,"parent":34,"menu_order":4,"comment_status":"closed","ping_status":"closed","template":"","meta":{"footnotes":""},"_links":{"self":[{"href":"https:\/\/gruen-und-huth.de\/index.php?rest_route=\/wp\/v2\/pages\/618"}],"collection":[{"href":"https:\/\/gruen-und-huth.de\/index.php?rest_route=\/wp\/v2\/pages"}],"about":[{"href":"https:\/\/gruen-und-huth.de\/index.php?rest_route=\/wp\/v2\/types\/page"}],"author":[{"embeddable":true,"href":"https:\/\/gruen-und-huth.de\/index.php?rest_route=\/wp\/v2\/users\/1"}],"replies":[{"embeddable":true,"href":"https:\/\/gruen-und-huth.de\/index.php?rest_route=%2Fwp%2Fv2%2Fcomments&post=618"}],"version-history":[{"count":8,"href":"https:\/\/gruen-und-huth.de\/index.php?rest_route=\/wp\/v2\/pages\/618\/revisions"}],"predecessor-version":[{"id":1165,"href":"https:\/\/gruen-und-huth.de\/index.php?rest_route=\/wp\/v2\/pages\/618\/revisions\/1165"}],"up":[{"embeddable":true,"href":"https:\/\/gruen-und-huth.de\/index.php?rest_route=\/wp\/v2\/pages\/34"}],"wp:attachment":[{"href":"https:\/\/gruen-und-huth.de\/index.php?rest_route=%2Fwp%2Fv2%2Fmedia&parent=618"}],"curies":[{"name":"wp","href":"https:\/\/api.w.org\/{rel}","templated":true}]}}

<p><a href="http://gruen-und-huth.de/wordpress/wp-content/uploads/2011/08/IMG_3378.jpg" rel="lightbox[618]"><img loading="lazy" decoding="async" class="alignleft" style="margin-left: 0px; margin-right: 20px;" title="1. Platz beim Potsdamer Chansonfestival 2010" src="http://gruen-und-huth.de/wordpress/wp-content/uploads/2011/08/IMG_3378.jpg" alt="" width="210" height="140" /></a>Wir haben gewonnen und die Trophäe ins Rheinland geholt!<br />
1. Preis der gestrengen Jury UND der Publikumspreis gingen an Grün &amp; Huth!<br />
Vielen Dank an alle Fans für mutmachende SMS, Mails und Nachrichten auf dem AB.</p>
<p>&#8230; und wirklich nicht zuletzt herzlichen Dank an die Initiatoren Hadi und Juan Carlos für ihre professionelle, respektvolle und warmherzige Betreuung während des Festivals.</p>
<p><strong><a title="Von der Presse" href="http://gruen-und-huth.de/wordpress/?page_id=56">Presseberichte findet ihr &#8230; hier</a></strong></p>

<p>Wir haben gewonnen und die Trophäe ins Rheinland geholt! 1. Preis der gestrengen Jury UND der Publikumspreis gingen an Grün &amp; Huth! Vielen Dank an alle Fans für mutmachende SMS, Mails und Nachrichten auf dem AB. &#8230; und wirklich nicht &hellip; <a href="https://gruen-und-huth.de/?page_id=618">Weiterlesen <span class="meta-nav">&rarr;</span></a></p>
